 -11010101?
11011000
In base 2, what is -10101 - -11?
-10010
In base 12, what is -1 + -12?
-13
In base 12, what is -36 - 233?
-269
In base 6, what is -4 - -242?
234
In base 13, what is -7489 + -2?
-748b
In base 8, what is 0 + -531?
-531
In base 12, what is -2a + -10a?
-138
In base 4, what is -2 + 22132?
22130
In base 16, what is 9 + -8e2?
-8d9
In base 15, what is 16 - -4e?
65
In base 14, what is 1 + 17?
18
In base 6, what is -3 - 4?
-11
In base 13, what is -5 - 11a7?
-11ac
In base 9, what is 0 - -174?
174
In base 10, what is 415 - 9?
406
In base 6, what is -542 + 2?
-540
In base 4, what is 2 + 322120?
322122
In base 14, what is 0 + 16b?
16b
In base 3, what is -10020 - 1?
-10021
In base 12, what is -2 - -378?
376
In base 7, what is -2 + 6?
4
In base 5, what is -1123 - 0?
-1123
In base 2, what is -10 + 10?
0
In base 10, what is 20 - 1?
19
In base 7, what is 4 + -240?
-233
In base 5, what is -12324 + -12?
-12341
In base 16, what is 5 - 9c2?
-9bd
In base 15, what is 2 - 12b?
-129
In base 13, what is 121 - -1?
122
In base 3, what is 12 - 102010?
-101221
In base 2, what is -10110100 + 111?
-10101101
In base 3, what is 111 - -112012?
112200
In base 4, what is 12 - 311?
-233
In base 10, what is -2 - -43?
41
In base 16, what is -3 - 17c?
-17f
In base 6, what is 10 + -5?
1
In base 11, what is 610 - -2?
612
In base 6, what is 21 + 105?
130
In base 16, what is -3 - -94?
91
In base 8, what is -15 + -250?
-265
In base 3, what is 111 + -1010?
-122
In base 10, what is 2 - 75?
-73
In base 15, what is 1 + -118?
-117
In base 15, what is 0 + -76?
-76
In base 6, what is -3543 + -102?
-4045
In base 16, what is 4 + -2?
2
In base 14, what is 25c - 18?
244
In base 7, what is 10 - -21?
31
In base 16, what is -65 + -e?
-73
In base 12, what is 5 + 91?
96
In base 11, what is -aa - -a0?
-a
In base 5, what is -314 - 21?
-340
In base 15, what is -5 - -7e3?
7dd
In base 9, what is 66 + 40?
116
In base 4, what is -102 + 320?
212
In base 6, what is -123332 - 1?
-123333
In base 5, what is 31 - 1433?
-1402
In base 3, what is -1022122 - 2?
-1022201
In base 12, what is 577 - 4?
573
In base 7, what is 500 + 4?
504
In base 4, what is 3333 + 11?
10010
In base 9, what is -6 - 82?
-88
In base 14, what is -a + 236?
22a
In base 2, what is 10 - 100100000?
-100011110
In base 14, what is 4 - 31bb?
-31b7
In base 7, what is 1122 - -5?
1130
In base 2, what is -100011100 + 10010?
-100001010
In base 2, what is -101 - -10011?
1110
In base 14, what is 5 + -2?
3
In base 13, what is 171 - 4?
16a
In base 6, what is -30 - 105?
-135
In base 11, what is 67 - -1?
68
In base 13, what is 21 - 2?
1c
In base 13, what is 327 + -2?
325
In base 8, what is 13464 - 5?
13457
In base 12, what is -1 + -43?
-44
In base 7, what is 305 + -1?
304
In base 2, what is 1000000001 - 0?
1000000001
In base 4, what is -11 - 20000?
-20011
In base 7, what is 202 + -22?
150
In base 8, what is -1 + 77?
76
In base 11, what is 12 + 582?
594
In base 11, what is 0 + -aa1?
-aa1
In base 13, what is -1 + 27?
26
In base 5, what is 1410 - 0?
1410
In base 10, what is 49 - -27?
76
In base 9, what is 2 - 1035?
-1033
In base 15, what is 722 + 4?
726
In base 4, what is 21 - 3223?
-3202
In base 4, what is 30112 + -10?
30102
In base 9, what is 2 - 11422?
-11420
In base 2, what is -1011 + 10000?
101
In base 7, what is 10 + -4236?
-4226
In base 14, what is 324 - -20?
344
In base 12, what is 3 - -b4?
b7
In base 9, what is -2678 + 6?
-2672
In base 14, what is -5 - 3b8?
-3bd
In base 9, what is -12 + -21?
-33
In base 14, what is -19 + 54?
39
In base 15, what is 3c - 0?
3c
In base 7, what is 2 - 4505?
-4503
In base 3, what is -2121112 + 0?
-2121112
In base 3, what is 121 - -22?
220
In base 16, what is -11 + -5?
-16
In base 9, what is -2628 - 1?
-2630
In base 2, what is -1110011 + 100?
-1101111
In base 13, what is 12 - -40?
52
In base 12, what is 7 + 37?
42
In base 7, what is -2 + 410?
405
In base 4, what is -1101 + -201?
-1302
In base 3, what is 0 - 11120?
-11120
In base 9, what is -1565 + -3?
-1568
In base 2, what is -110100111 + 0?
-110100111
In base 16, what is -bce + 1?
-bcd
In base 5, what is 4 - -122?
131
In base 14, what is b + -81?
-74
In base 16, what is -27 + 7d?
56
In base 9, what is -1 - -8?
7
In base 13, what is -5 - 245?
-24a
In base 7, what is -5 + 1530?
1522
In base 4, what is 10 + 300303?
300313
In base 16, what is -4 + 1?
-3
In base 6, what is -11441 - 2?
-11443
In base 10, what is 0 - 10?
-10
In base 6, what is 112 - 45?
23
In base 8, what is 10316 + -3?
10313
In base 6, what is 4 + 15?
23
In base 3, what is 11221 - 0?
11221
In base 15, what is -be2 - -3?
-bde
In base 4, what is -311 + 110?
-201
In base 6, what is 3 - 53405?
-53402
In base 10, what is -18895 - 0?
-18895
In base 11, what is 1a - -6?
25
In base 13, what is 2 + -168?
-166
In base 13, what is 119 + -5?
114
In base 6, what is -2 - 345?
-351
In base 5, what is -14 + 2?
-12
In base 4, what is 1122032 - 0?
1122032
In base 8, what is -4 + 50?
44
In base 8, what is -17 + 175?
156
In base 7, what is 1 + -462?
-461
In base 15, what is -1 - -244?
243
In base 15, what is -73 + 1?
-72
In base 14, what is 1c - 3b?
-1d
In base 11, what is -1 - -91a?
919
In base 7, what is 15 + -22?
-4
In base 16, what is -2 + 62?
60
In base 5, what is 1313 + 3?
1321
In base 5, what is 1 + 1221?
1222
In base 2, what is 10111111 - 100?
10111011
In base 12, what is 2240 - -1?
2241
In base 15, what is 13 - -2a?
3d
In base 14, what is 2b + 33?
60
In base 7, what is 22 - 15?
4
In base 10, what is -457 - -4?
-453
In base 8, what is 3 + 32?
35
In base 6, what is -1 - -1?
0
In base 14, what is -8a - b?
-97
In base 11, what is 463 + -5?
459
In base 5, what is 3 + -14011?
-14003
In base 8, what is 5 - 114?
-107
In base 13, what is 0 + -2c?
-2c
In base 7, what is -11 - -1315?
1304
In base 2, what is 1010001 - 110001?
100000
In base 11, what is -2 + -184?
-186
In base 16, what is -142 - 0?
-142
In base 15, what is -6 - -62?
5b
In base 11, what is -5 - 51?
-56
In base 16, what is -3 + -2c?
-2f
In base 3, what is 12 - -1122?
1211
In base 8, what is -5 - 6545?
-6552
In base 7, what is -1 + -233?
-234
In base 10, what is -4 - -85?
81
In base 12, what is 110 - 5?
107
In base 4, what is 122 + -10?
112
In base 5, what is -44320 + 10?
-44310
In base 14, what is -4 - 44?
-48
In base 7, what is 264 - -10?
304
In base 3, what is 111112 + 12?
111201
In base 2, what is -1 + 111100001?
111100000
In base 13, what is 24 + 13?
37
In base 15, what is -2a + d8?
ad
In base 14, what is 44d + 1?
450
In base 12, what is -a2b - -9?
-a22
In base 12, what is -1 - -88?
87
In base 4, what is 10 - -1131?
1201
In base 12, what is -20 - -4?
-18
In base 10, what is 542 + -4?
538
In base 3, what is 11 + -212?
-201
In base 8, what is -40 - 134?
-174
In base 14, what is 0 + -114c?
-114c
In base 5, what is 12 - -2?
14
In base 7, what is -344 - 1?
-345
In base 13, what is -50 - 9?
-59
In base 14, what is -4 - 2c?
-32
In base 8, what is -2 - -720?
716
In base 11, what is 0 - 29a?
-29a
In base 9, what is -8 - -30?
21
In base 8, what is 25 - 1?
24
In base 10, what is 573 + 5?
578
In base 5, what is -2 + 1322?
1320
In base 7, what is 4 + 23?
30
In base 8, what is 1404 - 25?
1357
In base 15, what is 31c + 0?
31c
In base 12, what is -2a6 + -5?
-2ab
In base 9, what is 101 + -12?
78
In base 16, what is 1 + -575?
-574
In base 10, what is 45 + -5?
40
In base 16, what is -3 + db2?
daf
In base 5, what is 3 - 11141?
-11133
In base 6, what is -2 - -4050?
4044
In base 5, what is -1112 + 0?
-1112
In base 10, what is -332 - -5?
-327
In base 3, what is -1 - 212?
-220
In base 15, what is -2 + -28b?
-28d
In base 3, what is -1220 - 10?
-2000
In base 5, what is -100 + 1?
-44
In base 12, what is -1 + 1211?
1210
In base 10, what is 76 + -5?
71
In base 10, what is -2 - -629?
627
In base 13, what is 44 + 3?
47
In base 7, what is 23040 - -1?
23041
In base 7, what is 5 - -1?
6
In base 6, what is -214 - 4?
-222
In base 6, what is 4 - -320?
324
In base 14, what is 47 - 6?
41
In base 7, what is 11 + -10155?
-10144
In base 5, what is -10 + -132?
-142
In base 15, what is cd - d?
c0
In base 11, what is 23 - -106?
129
In base 6, what is 513 - -13?
530
In base 2, what is -11 + 1001010?
1000111
In base 6, what is 2201 - -3?
2204
In base 12, what is 12b - 2?
129
In base 6, what is 0 + 